pose -q + g = 15. Is (-10 + -249)/(q/2) a prime number?
False
Suppose 5*u - 3*o = 6 + 1, -2 = -2*u + 2*o. Suppose u*j + 2*j = p - 982, 0 = p - 5*j - 978. Is p composite?
True
Let y = 1176 - 13. Is y prime?
True
Suppose 0 = -2*t + 50. Is t prime?
False
Suppose 10*g = 32*g - 479534. Is g composite?
True
Let b(l) = 39*l**2 - 4*l + 9. Let d = 42 + -48. Is b(d) composite?
True
Suppose -6*n - f = -2*n - 12, 2*n + 2*f = 12. Suppose 4*b = q + 5861, -b + 937 + 523 = -n*q. Is b a composite number?
True
Suppose 0 = 4*o + s - 125 - 393, -2*s + 386 = 3*o. Let u = o + -727. Let p = 904 + u. Is p a composite number?
False
Suppose -5*x + 46 = 3*n, 4*n - 2*n - 2*x = 52. Suppose t - n = 22. Suppose 11 = r - t. Is r prime?
False
Let q(t) = 482*t**3 - t - 5 - 5*t - 494*t**3 + t - 2*t**2. Let p be -6 + 2 - (1 + -1). Is q(p) a composite number?
False
Let m(u) = 57*u**2 + 11*u + 2. Let q be m(8). Let i = q - 1685. Is i composite?
False
Suppose -5*w + 1704 = 2*c, 0 = -2*w + 2*c - 443 + 1133. Suppose 2877 - 294 = 3*s. Let n = s - w. Is n a prime number?
False
Let t(z) = 278*z**3 + z**2 - 1. Let k = 12 - 11. Let l be t(k). Suppose 6*q = 8*q - l. Is q composite?
False
Let w be (7 + -1)/(2 + 0). Suppose 0 = -8*o + w*o + 5. Is 237/2 - o/(-2) composite?
True
Suppose 0 = 15*r + 980806 - 3980791. Is r a prime number?
True
Let s(t) = 61*t - 23. Let v be s(11). Let h = v - -149. Is h prime?
True
Let v(i) = 6*i**2 + 47*i + 84. Is v(-37) a composite number?
True
Suppose 70 = -5*c - y, -c + y = 3*y + 5. Is (1251 - c)*(2 + (-10)/6) a prime number?
False
Suppose -5*f + 3741 = g + 206, 0 = -5*g. Is f a prime number?
False
Suppose 5*j = 3*j + 1594. Suppose -8*h = -4*h - 5*f - 643, -4*f = -5*h + j. Is h prime?
True
Let v = 6111 + -2468. Is v composite?
False
Let u be (-40)/(-6) - 4/6. Suppose -u*w = -1590 - 1932. Is w composite?
False
Suppose 2*p - p + 319 = 3*g, -2*g = 2*p + 678. Let x = p + 783. Is x a prime number?
True
Suppose -4*f - 673 = -3*c, 5*c = -5*f + 393 + 787. Let b = 408 - c. Is b a prime number?
False
Suppose -3*k = -2*f - 1631 - 8528, -4*k = 2*f - 13550. Is k composite?
True
Suppose 3*x + 104 = 5*u, -3*x + u - 69 - 19 = 0. Let v = 51 - x. Is v prime?
True
Suppose 4*l - 3*c + 4*c = 19, 4*c = 3*l. Suppose -449 = -4*s + 5*h, l*s = -0*s - 5*h + 439. Is s composite?
True
Suppose v - 3 - 4 = 0. Let b(r) = 6*r - v*r - 3 + 24*r**2 - 4 - 7*r. Is b(-3) a prime number?
True
Suppose 4393 = 3*n - 5834. Is n composite?
True
Let p(l) = 67*l**3 - 7*l + 10. Let n(h) = 34*h**3 - 4*h + 5. Let j(r) = -5*n(r) + 3*p(r). Is j(3) prime?
True
Let b(j) = j**3 + 18*j**2 + j + 17. Let u be b(-18). Is 1*189 - (-2)/(1/u) prime?
False
Let f be (-240)/70*(-294)/4. Suppose -535 = -j + f. Is j a composite number?
False
Suppose -s + 5*a + 0 = -13, -173 = -5*s - 2*a. Let z be (-18)/4*3*-2. Suppose s = 4*m - z. Is m a composite number?
True
Let c(d) = -d + 9. Let z be c(7). Suppose 0 = 5*s + z*p + 23, 0*s - 5*p = s. Let q(b) = -59*b - 2. Is q(s) composite?
False
Is 24154/(-2)*(43 + -44) composite?
True
Let z(q) = 95*q + 65. Is z(4) composite?
True
Suppose 6*u - 5*u - y + 6 = 0, 0 = 5*u + 5*y. Let o(x) = 155*x**2 + 4*x + 2. Is o(u) prime?
False
Suppose -2*f = -3*f - 85. Let m = 687 + -477. Let b = m - f. Is b a composite number?
True
Suppose 4*f = -4*v - 28, -2*v + 3*v - 2*f + 4 = 0. Is (787/1)/(7 + v) prime?
True
Let l(h) = -5*h**3 + 5*h**2 - 3*h - 2. Let v(a) = -14*a**3 + 14*a**2 - 8*a - 6. Let d(b) = 11*l(b) - 4*v(b). Let t be d(0). Suppose -t*q = -q - 143. Is q prime?
False
Let x(c) be the third derivative of 31*c**7/1260 + c**6/240 - c**5/12 - 4*c**2. Let d(t) be the third derivative of x(t). Is d(2) a composite number?
False
Let l = 58 + -62. Is (8/(-4))/((-5)/((-4390)/l)) composite?
False
Let y(m) = -19*m - 1. Let c be y(6). Let b be (-170)/(-4) - (-12)/8. Let d = b - c. Is d a prime number?
False
Let w(f) = -4*f**3 - 2*f**2 + 6*f - 3. Let o be w(3). Is o/(-2)*(-4)/(-6) composite?
False
Let l(m) = -2*m**3 - 2*m**2 - m - 152. Is l(-11) prime?
False
Suppose 2*i = -5*v + 237 + 342, 1128 = 4*i + 4*v. Suppose 5*x + 2*w - i = 0, 219 = -2*x + 6*x - w. Is x a prime number?
False
Let w(c) = -26*c - 315. Is w(-47) composite?
False
Let b be (-18192)/20 + (-8)/20. Let f be ((-36)/(-15))/((-2)/b). Let t = 1571 - f. Is t prime?
True
Let y be ((-1)/(-2))/(-1)*4. Is 1*(-257)/2*y prime?
True
Let w = 41850 - 20299. Is w a composite number?
True
Suppose 6*d - 2*d - 12 = 0. Suppose d*n - 513 = -3. Suppose f + 15 = n. Is f a prime number?
False
Let q(l) = 1873*l**2 - 32*l + 68. Is q(7) a prime number?
True
Suppose 20 = -11*w + 16*w. Suppose w*n - 41 = 3. Is n a composite number?
False
Is -40364*(-4)/16*1 composite?
False
Let n(s) = 5*s**2 - 3*s - 15. Let c be n(10). Let m = 706 - c. Is m a composite number?
False
Suppose 0 = q + 1 + 22. Let a = 17 + q. Is (378 + 2 + a)/2 prime?
False
Suppose 2*t + 0*t = -z - 62, -5*z = -4*t - 138. Let c = t + 97. Is c a prime number?
False
Let q be ((-36)/(-126))/(0 + 1/7). Is ((-2)/q - -2)*(-27727)/(-17) composite?
True
Let x = 6639 + -3002. Is x composite?
False
Let v(g) = -18*g**2 + g + 1. Let r be v(-1). Let i be (-48)/r*18/3. Suppose i*s = 13*s + 165. Is s a composite number?
True
Let y = -34203 - -51356. Is y a prime number?
False
Suppose 3*d + 2*u = 69, -3*d + 2*u - 5*u + 66 = 0. Suppose i - 3 = d. Is ((-20)/(-14))/(4/i) a prime number?
False
Let q(r) = 9*r**2 + 2*r + 20. Suppose -4*y - 4*y - 88 = 0. Is q(y) a composite number?
False
Let w = 19 + -44. Let h = w - -32. Is h a composite number?
False
Suppose 20 = -4*w, -2*w = z + 3*w + 20. Suppose c + z*c = 5244. Suppose 0 = 2*d - r - 0*r - c, -3*d - 4*r = -1311. Is d prime?
False
Let w = 26 + -25. Let z = w + 2. Suppose 0 = -z*k - 0*k + 261. Is k prime?
False
Suppose -5*j - 10 = 0, -f + 50 = 4*f - 5*j. Suppose -f = 4*p + 8, 0 = -2*v - p + 146. Suppose c - v = -22. Is c a prime number?
True
Suppose 0 = -2*r - 0*r + 5028. Suppose r = 2*x + x. Suppose -k - x = -3*k. Is k composite?
False
Let m = 36851 + -17560. Is m composite?
True
Let g(r) = r + 1. Let o be -1*-4*2/(-8). Let v(k) = -k**3 + 4*k**2 - 9*k + 9. Let h(w) = o*v(w) + 2*g(w). Is h(8) prime?
True
Suppose 4*b - 128 = 16. Is 23/2*-2*b/(-18) a prime number?
False
Suppose -13*t = -15*t - 4. Is 16/4 + 737 + t prime?
True
Is (-1 - (-77)/55) + (-79926)/(-10) composite?
False
Let q = 3213 + -1064. Is q prime?
False
Suppose g - 2 = -0*g. Suppose -g*w = 2*w - 16. Suppose s + 3*q - 272 = 0, -940 = -w*s - q + 93. Is s composite?
False
Suppose -29*d + 3*d + 497146 = 0. Is d a composite number?
False
Let i be 4/(-6)*((-68)/8 + -5). Suppose 0 = -i*h + 14*h - 2135. Is h a prime number?
False
Suppose 0 = -5*r + 4*r - 3. Is ((-8193)/(-6))/(1/(-6)*r) a composite number?
False
Let k = -1 - 10. Let r = k - -9. Is r - (-54 - (-2 + 5)) a composite number?
True
Suppose -6*u + 32665 = 2*p - 7*u, -130654 = -8*p + 2*u. Is p composite?
True
Let w(l) = 14*l**3 + l**2 + l - 3. Suppose -4*n + 2 = -3*u - 8, 4*n = -4*u + 24. Is w(u) a composite number?
True
Suppose 2*u + 2*p - 202 - 1060 = 0, 619 = u + 4*p. Suppose 0 = -2*a + 5*g + 1297, 2*g = -4*a + 3*a + u. Is a a composite number?
False
Let b(z) = z**3 + 5*z**2 + 5*z - 4. Let d be b(6). Suppose -8*n - d = -9726. Is n composite?
False
Suppose 5*f + 6099 = d, -2*d = -111*f + 110*f - 12162. Is d composite?
False
Is 18/(-63) + (161632/7 - -3) a prime number?
False
Let g be 14/(-49) - 16/(-7). Suppose 2 = 2*m - i, -3 = m + g*i + 1. Suppose m = -2*v - 0*v + 402. Is v composite?
True
Suppose 3*p + 4442 = s, 5*s - 30422 = 3*p - 8224. Is s a prime number?
False
Suppose 5*l - 10 = 2*h, -4*h - 2*l - 2 = -6*h. Suppose 0 = h*n + q - 53, 0 = 4*n + 3*q - 48 - 1. Is 2213/3 - n/15 prime?
False
Let k be (1*4984)/(-4)*2/(-4). Suppose -k = -g - 0*g. Is g prime?
False
Suppose -4*m - 27 = 5*x, -2*m + 9 = -2*x - 3*x. Let n be (-6)/m - -357 - 0. Suppose -2*t = 5*p - 795, 2*p - n = 2*t - 41. Is p a composite number?
True
Is 1 + -7 + 54 + 11933 composite?
False
Let l(s) = -s**3 - s**2 + 1. Let g be l(-1). Suppose 21 = -2*p + 7*p - 3*u, 3*p + g = -5*u. Suppose -p*h = -15 - 192. Is h a prime number?
False
Suppose 4*s + 3*u = 2*s + 147, 5*s - 4*u - 310 = 0. Is (1/(-2)*-23)/(3/s) a prime number?
False
Let z(n) = 3976*n**3 + 3*n**2 + 3*n - 5. Is z(1) a composite number?
True
Let 